-23 - (84 - 107).
1
What is the value of 2 + (5 - ((-3 - 0) + 10))?
0
Evaluate (34 - 20) + (-16 - 2).
-4
What is -3 + 8 + -12 + 1 - -13?
7
What is 14 + (-11 - (-9 - (2 + -4)))?
10
(-6 - ((-2 - -9 - 8) + 4)) + 23
14
Calculate 38 + -91 + 38 + -13.
-28
What is (-1 - -3) + 19 - (-18 + (10 - -3))?
26
Evaluate -107 + 111 + (12 + 2 + -3 - 3).
12
What is the value of (15 + 6 - 16) + -3?
2
What is 41 + -39 + -28 + (-5 - 3) + 3?
-31
What is the value of -4 - (-10 + -3 + 14 + -6)?
1
What is the value of -13 + 5 + -3 + -3?
-14
-36 - (11 + -16 + -18)
-13
What is (7 + 4 - 13) + 23?
21
Evaluate 6 - (-20 - -42 - 16).
0
Evaluate -18 + (1 - (-3 + -2 - (5 - 6))).
-13
(3 - 3 - ((-2 - 2) + 1)) + 5
8
Calculate (2 + 0 - -9) + -14 - -2.
-1
Calculate -192 + 220 - (25 - 2).
5
What is the value of 7 + -50 - (106 - 138)?
-11
Calculate (0 - -9) + -23 + 18.
4
Calculate 13 - (-6 - -1 - (-141 - -132)).
9
-24 - (1 + -36 + 22)
-11
What is the value of 20 - (-18 + 30 - -5)?
3
Calculate 26 + (8 - 27) - (-3 + 0 + 1).
9
What is the value of 11 + 6 + 15 + -37?
-5
4 + -6 + (-2 - (-4 + 7)) + 6
-1
What is (-22 - (3 - 14)) + 30?
19
What is (-25 - -34) + -3 + 1 + -5?
2
(1 - 27) + (-1 - -11)
-16
Evaluate 8 - (0 + 3 - 7 - -8).
4
Evaluate 4 - 15 - (-9 + -4).
2
What is the value of -1 + 10 + -34 + (-8 - (-4 - 10))?
-19
Evaluate -5 + (12 - 6 - 10 - 1).
-10
16 + -22 + (0 + 6 - 2) + 4
2
Calculate -21 + (-17 - 0) + 0 + 14.
-24
Calculate (-10 - (-30 + 27)) + 8.
1
Calculate -49 + 37 + -25 - -24.
-13
Calculate -9 + 8 + (1 - 0) + -16.
-16
Evaluate (-4 + -11 - -8 - -12) + -8.
-3
Calculate 16 - (-36 + (26 - 1)).
27
What is the value of 5 - 17 - (-44 - -42) - (-4 - 17)?
11
What is -6 - (-2 + -7 - -12)?
-9
What is (0 - -5) + -19 - (-44 - -32)?
-2
What is 3 - -5 - (-7 + (6 - -1))?
8
What is (2 - (4 - 6) - 10) + (-7 - -22)?
9
Calculate 12 - (-44 + (-20 - -46)).
30
Calculate (7 - (-16 + 2)) + -5 + -16.
0
What is the value of -6 - (-23 - (-13 + 5))?
9
What is the value of (-14 - (-31 - -3)) + -25?
-11
Calculate -276 - -310 - (-1 + 3).
32
-1 + 16 + (-459 - -471)
27
Calculate -3 + (-2 - -5) + (-2 - 5) - -2.
-5
What is the value of -3 + 2 - (-12 + (3 - -9) - -1)?
-2
-3 - (18 - 8 - (9 + (-5 - 0)))
-9
What is 6 + (27 - (-16 - -55))?
-6
(-67 - -60) + (-8 - 0) - 6
-21
What is the value of 1 + -21 + (-64 - -87)?
3
Evaluate -5 + -2 - (12 + -19 + 3).
-3
(-12 - -19 - 3) + 5 + 1 + 1
11
What is the value of -35 + 0 - (69 - 85)?
-19
Evaluate 8 - (-10 + (1 + 9 - -4)).
4
Evaluate -3 - (9 - (18 + -10 + 3 + -3)).
-4
Evaluate -271 + 261 - (1 + 1).
-12
(-8 - ((7 - 15) + 6)) + -1
-7
Evaluate 12 - 0 - (-27 + 37).
2
(22 + -36 - -17) + 14
17
Evaluate -5 + (-11 - -40 - 35).
-11
(-6 - -1) + (-14 + -1 - -3)
-17
Calculate -15 + 7 + (-8 - -3) + 32.
19
Evaluate 8 - (4 - 3) - (10 + -5 + 12).
-10
Calculate -7 - -20 - (-12 + 4 - 0).
21
What is the value of 2 + -9 - (13 - (3 + -3))?
-20
What is 47 - (-19 + 3 + 45)?
18
Calculate 1 + (-6 - -1 - -4) - (4 - 8).
4
What is the value of (5 - 3) + -10 - (1 - 20)?
11
What is 11 + 8 + -2 + -6 + -11 - -33?
33
What is the value of -4 - (-8 + -15 + 9)?
10
Calculate -3 + (-4 - (-1 + (8 - 16))).
2
Calculate (12 + 1 + -7 - 0) + (-37 - -32).
1
Calculate 0 + 2 + 34 - (-480 + 484).
32
Calculate 14 - -8 - (16 - 3).
9
Calculate -8 - -9 - -28 - 6 - 3.
20
What is the value of (-12 - -9) + -4 - -3?
-4
What is the value of -8 - (22 + -37 + 27)?
-20
(0 - (0 + -1)) + 774 + -788
-13
What is the value of -63 + 47 - (-7 + 1)?
-10
What is the value of (1 - 0 - (110 - 108)) + (4 - 0)?
3
What is the value of -1 - 18 - -20 - 2?
-1
-38 + 49 + (-2 + -2 - 3) - -13
17
What is the value of (-26 + 7 - -29) + (0 - -5)?
15
-4 + -3 + -6 + 3
-10
What is -14 + 2 - -34 - 27?
-5
What is -17 - (-9 - -6) - (1 - 0 - -5)?
-20
What is the value of -7 - (19 + -27 + -7 + (-2 - 0))?
10
17 + -7 - (-2 + (-3 - -12))
3
What is the value of 1 - 7 - (-295 + 301)?
-12
-9 - (0 + 0) - ((-28 - -68) + -66)
17
What is the value of 4 + (-10 + 5 - 4) + -8?
-13
What is (112 - 104) + (2 - 38)?
-28
Calculate (8 - 3) + -2 + 0 + -3 - 8.
-8
What is the value of -1 + (-20 - -9) - -1?
-11
What is the value of (3 - (-1 + (24 - 9 - 4))) + -12?
-19
What is the value of (1638 - 1595) + (-20 - 1)?
22
Calculate 24 + (-14 - 10 - -9).
9
What is the value of -17 + 24 + -23 + -6?
-22
What is -8 + -46 + 47 + (-13 - -4)?
-16
What is the value of 0 + -19 - (2 + -14)?
-7
What is (4 - (-51 + 21)) + -41?
-7
What is (-8 + 0 - -4) + -4?
-8
What is (319 - 318) + (-17 - 0)?
-16
-9 + -5 + 12 - (1 + -1 - 6)
4
Evaluate 9 - (12 - -33 - 21).
-15
What is the value of 7 - ((8 - 5) + 2 + 2)?
0
What is the value of -14 + -15 + 14 - (4 + -3 + -1)?
-15
Calculate (-1 - (0 + 5)) + (28 - (-18 + 48)).
-8
Evaluate (-1 - -3) + (15 - (16 + -6)).
7
What is (1 - -2) + (-2 - (-1 - -3)) - -15?
14
What is 8 + 19 + -41 + 26?
12
What is the value of (-1 - 6) + 2 + -2 + 21 + -18?
-4
0 + 8 - (18 + -6 + -6 + 28)
-26
What is -17 - 2 - (-156 + 144)?
-7
-24 + (-7 - -9) + 14
-8
Calculate 65 + -29 + -18 + -16.
2
Calculate 2 + (29 - 25) + -38.
-32
What is 0 + -4 + (1 - -9 - -5)?
11
What is the value of -43 - -20 - -42 - 19?
0
Evaluate (-2 - -23) + -25 + 22 + -5.
13
(0 - -21) + -21 + 14 + 0 + 1
15
Evaluate -7 + -2 + (53 - 21 - 10).
13
Evaluate -3 - (0 + 2 + -25 + 15 + 16).
-11
18 + -9 - (9 - 10 - (-2 + -7))
1
Evaluate (-6 - (-2 - (4 - -16))) + 1 + -7.
10
(9 - (21 + (0 - 10))) + 16
14
What is -85 + 69 - (0 - (0 + -1))?
-17
Evaluate 0 + -1 + (171 - 172).
-2
What is (-17 + 8 - 8) + (4 - 1)?
-14
Evaluate (24 - 2 - 2) + (-384 - -366).
2
What is the value of (-1 - -2) + (-27 - -1 - -23) + 3?
1
What is the value of (4 - (-2 - -6 - 6)) + 4?
10
25 - -12 - (39 - 26)
24
Evaluate 50 - 45 - (-21 - (7 - 9)).
24
What is the value of 2 - 10 - -23 - 16 - (-1 + 1)?
-1
Evaluate -11 - (1 + -2 + 2) - (-71 - -71).
-12
What is the value of (-5 - 8 - (-28 - -6)) + (2 - -2)?
13
What is the value of 2 - (1 - -1) - (-6 + (-11 - -13))?
4
What is the value of 27 + -49 - (-7 + (3 - 4))?
-14
Calculate -2 + (0 - -2) - (-48 + 48 + 16).
-16
What is the value of -3 - (23 + -56 + 25)?
5
Calculate 183 + -179 + (-10 - (0 - (2 - 4))).
-8
Evaluate 1 - (-114 + 110 + (-6 - -3) + 4).
4
Calculate 55 - 59 - (-2 - 0 - (-1 + 14)).
11
Evaluate 2 + 49 + -57 + 0 + 2 + -2.
-6
Evaluate (-5 - (-5 - 7 - -2)) + 10.
15
Calculate -9 + -9 + 16 + 25 + -13.
10
What is -7 + -4 + (20 - 17)?
-8
-40 + (107 - 44) + (0 - -1)
24
Calculate -1 - -3 - (30 - 23 - 9).
4
What is 16 + 2 - (6 + -4 - (-9 + 4))?
11
Calculate (358 - 352) + (1 - (28 + 1 + 1)).
-23
Evaluate 0 - 17 - (-412 + 408).
-13
What is -36 + -25 + 33 + 59?
31
Evaluate -12 - (-40 + -1) - 16.
13
Calculate 0 + (34 - 18) + -30.
-14
Calculate (-7 - (4 + 4 + -8)) + -5 + 3.
-9
What is -29 + 0 + -43 + 56 + 1?
-15
What is the value of -27 - (7 - (44 + -13))?
-3
Evaluate (-2 - 16) + (32 - (-57 - -89)).
-18
Evaluate (8 - (8 + (20 - 4) - 8)) + -6.
-14
What is the value of 58 + (23 - (84 + -30))?
27
Evaluate 13 + 4 + -11 - (20 - (-6 + 5)).
-15
What is 14 + (1 - (10 - -1))?
4
Calculate (-8 - 4) + -3 - (-2 - 2).
-11
What is the value of (-3 - (14 - 7)) + -7?
-17
Evaluate (19 - 2 - -13) + -3 + 2 + 0.
29
Calculate (-33 - -12 - -28) + (-1 - 0).
6
Calculate (0 - -1 - -9 - -12) + -10.
12
What is the value of (-3 - (-2 + 0)) + (41 - 58)?
-18
Evaluate 0 + -1 + 7 + 9 + -5.
10
Evaluate 0 + (8 - 11) + -7 - (-8 - -14).
-16
What is -9 - (-13 + (-5 - (-6 + 0 + 0)))?
3
What is -5 + -1 + 0 + (-48 - (-89 - -59))?
-24
8 - (0 + 6 + (-1 - -3))
0
What is the value of 0 + 3 + 6 + (-3 - (-4 - -4))?
6
What is -5 + 3 - (10 - -2 - (-10 - -17))?
-7
What is 14 + (-6 - -24) + -23?
9
-1 + 13 + 37 + (-93 - -63)
19
What is the value of -1 + 10 - 0 - -6?
15
Calculate -9 - (-2 + (-32 + 35 - (1 + -3))).
-12
(3 - -1) + 27 + 2 + -28
5
Calculate -20 + 7 + 17 + 1 + -12.
-7
What is the value of -21 + -15 + -30 + 60?
-6
What is 152 + -132 + (-5 - 3)?
12
Calculate -1 + 6 + (-17 - 5) + 21.
4
What is the value of 1886 + -1916 - (-26 - 0)?
-4
What is (19 - 8) + -15 - -13?
9
0 + -15 - (-392 + 388)
-11
Calculate 67 + -63 - (2 + 0 + 10).
-8
Evaluate 14 + -6 + 3 + (-1 + 7 - 1).
16
Calculate 2 - 11 - (11 - (-4 - -10)).
-14
12 - (-19 - (0 + -34))
-3
(1 - -3) + -9 + (-4 + -2 - -11)
0
Evaluate -57 + 56 + 5 + 9.
13
-2 - 1 - (368 - 377)
6
Calculate 18 + 10 + 13 + -25 + (0 - 2).
14
What i